he greatest common factor of 54609 and 5839893.
327
What is the highest common divisor of 256 and 19510592?
64
Calculate the highest common divisor of 35 and 4487189.
7
Calculate the highest common factor of 31 and 273334223.
31
Calculate the greatest common factor of 183576851 and 268.
67
Calculate the highest common factor of 1728 and 20752.
16
Calculate the greatest common divisor of 20 and 28413370.
10
What is the highest common divisor of 42 and 998499768?
42
What is the greatest common factor of 400 and 135545?
5
Calculate the highest common divisor of 27025250 and 14000.
1750
Calculate the greatest common factor of 24277 and 11572.
11
What is the greatest common factor of 219606030 and 3816?
954
What is the greatest common divisor of 304 and 608266?
38
What is the highest common factor of 7666694 and 3298?
34
Calculate the highest common factor of 1402656 and 81776.
304
What is the greatest common divisor of 1540552 and 3016?
104
Calculate the highest common divisor of 296 and 1024789.
37
What is the greatest common divisor of 1005148827 and 2259?
2259
Calculate the greatest common factor of 373439 and 17068.
17
What is the greatest common divisor of 16626 and 29283928?
5542
Calculate the highest common divisor of 3459 and 15877963.
1153
What is the greatest common factor of 30 and 157393090?
10
Calculate the greatest common factor of 2802525 and 56925.
825
Calculate the greatest common divisor of 3339 and 30269148.
1113
What is the greatest common factor of 199723 and 6121088?
2813
What is the greatest common factor of 232 and 149437?
29
Calculate the highest common factor of 6699940 and 1168.
292
What is the highest common divisor of 16749524 and 1276?
44
Calculate the highest common factor of 96580584 and 656.
328
What is the greatest common factor of 123 and 184140881?
41
What is the highest common factor of 346 and 630696758?
346
What is the highest common divisor of 5605 and 13014810?
5605
Calculate the greatest common factor of 1206 and 214534737.
603
What is the highest common divisor of 22618 and 36960179?
263
What is the highest common divisor of 48636783 and 9594?
4797
What is the greatest common divisor of 91431 and 13815?
9
Calculate the greatest common divisor of 62 and 289319683.
31
Calculate the highest common divisor of 244 and 14992763.
61
Calculate the greatest common factor of 187 and 4971973.
17
Calculate the greatest common factor of 15286224 and 1085.
31
Calculate the greatest common divisor of 15312000 and 19488.
2784
Calculate the greatest common factor of 8789 and 299625.
799
Calculate the highest common factor of 96831909 and 1899.
1899
Calculate the highest common divisor of 3545326 and 14818.
478
What is the highest common divisor of 121294746 and 36?
18
What is the greatest common factor of 13056 and 176613?
51
Calculate the greatest common factor of 492 and 72742.
2
What is the greatest common factor of 4114166 and 213?
71
Calculate the greatest common divisor of 34 and 2905657.
17
Calculate the highest common divisor of 183118872 and 393886.
12706
Calculate the greatest common divisor of 114136 and 104984.
88
Calculate the highest common divisor of 7978103 and 609.
203
What is the highest common factor of 7356 and 89011278?
3678
What is the highest common factor of 5168730 and 95?
5
Calculate the highest common factor of 52 and 72439198.
26
Calculate the greatest common divisor of 1275919 and 11104.
347
What is the greatest common factor of 51937764 and 92?
4
What is the greatest common divisor of 568008 and 399096?
1656
Calculate the highest common factor of 13387575 and 825.
75
What is the greatest common divisor of 1090624 and 1472?
64
Calculate the greatest common factor of 20833526 and 3276.
14
Calculate the greatest common divisor of 5681685 and 135.
15
What is the greatest common divisor of 67717250 and 2950?
2950
Calculate the highest common factor of 3960 and 2224376.
88
Calculate the highest common divisor of 1456 and 31740488.
104
What is the greatest common divisor of 37 and 22681333?
37
Calculate the greatest common factor of 1295 and 247345.
1295
What is the highest common divisor of 357318 and 1296?
54
What is the highest common divisor of 1050 and 12483800?
350
Calculate the highest common divisor of 472507353 and 1582.
113
Calculate the highest common factor of 1025 and 1150337.
41
Calculate the highest common divisor of 43022 and 770006.
878
Calculate the greatest common divisor of 304 and 26512144.
304
Calculate the greatest common divisor of 37 and 14972901.
37
What is the greatest common divisor of 2359 and 1324073?
337
What is the highest common factor of 427471 and 7645?
11
What is the greatest common divisor of 1494 and 438498?
18
What is the highest common factor of 68624270 and 37?
37
What is the greatest common factor of 72 and 5385546?
18
What is the highest common factor of 864 and 9362232?
72
What is the highest common divisor of 1860 and 10821840?
60
What is the greatest common factor of 16203970 and 130?
10
What is the greatest common factor of 803 and 1128799?
73
Calculate the greatest common divisor of 102440 and 2740.
20
What is the greatest common factor of 192 and 402372?
12
What is the greatest common divisor of 566784 and 23680?
128
What is the highest common factor of 11362 and 24501854?
598
Calculate the greatest common divisor of 5270 and 14680112.
1054
Calculate the greatest common factor of 6231456 and 7560.
504
Calculate the greatest common divisor of 15438900 and 7800.
300
Calculate the greatest common divisor of 1098576 and 2544.
48
What is the greatest common divisor of 4878 and 7327242?
18
Calculate the greatest common factor of 18720041 and 231872.
3623
What is the highest common factor of 81 and 10578816?
27
What is the highest common divisor of 2413 and 329057?
127
Calculate the highest common factor of 26429 and 756067.
247
Calculate the greatest common divisor of 35368643 and 908.
227
What is the greatest common divisor of 60 and 3897950?
10
What is the highest common divisor of 4733460 and 2820?
60
What is the highest common factor of 200 and 287096?
8
Calculate the highest common divisor of 1390557 and 399.
21
What is the highest common factor of 500038 and 31042?
374
Calculate the greatest common divisor of 180640 and 92960.
160
Calculate the highest common divisor of 29901399 and 363.
363
Calculate the highest common factor of 2158675353 and 81.
81
What is the highest common divisor of 1020 and 681870?
510
Calculate the greatest common factor of 3 and 43826721.
3
What is the greatest common divisor of 193 and 27232300?
193
What is the highest common divisor of 733159 and 200991?
119
Calculate the highest common divisor of 134142797 and 12617.
1147
What is the highest common factor of 1290 and 3288468?
258
Calculate the greatest common divisor of 131684 and 4480.
28
What is the highest common divisor of 155 and 205662091?
31
Calculate the greatest common factor of 37596 and 9358512.
2892
What is the highest common divisor of 3193 and 87529915?
103
What is the highest common factor of 32981739 and 393?
393
What is the highest common divisor of 46 and 9057630?
46
What is the greatest common factor of 14043 and 805070?
31
What is the highest common divisor of 8308 and 2207851?
2077
Calculate the greatest common factor of 320 and 134480.
80
What is the highest common divisor of 2050 and 659350?
50
Calculate the highest common divisor of 37794806 and 202.
202
What is the greatest common divisor of 4142222 and 42?
14
What is the greatest common divisor of 32223 and 621?
69
Calculate the highest common factor of 33549 and 365488.
53
What is the greatest common factor of 621 and 1863828?
207
What is the greatest common divisor of 347612 and 1628969?
1849
What is the highest common factor of 9191 and 305032?
91
Calculate the highest common factor of 1256430 and 51338.
2702
Calculate the highest common factor of 6 and 1032738.
6
What is the highest common divisor of 54735 and 7415?
5
What is the greatest common factor of 64 and 6563056?
16
What is the greatest common factor of 378 and 3892158?
54
What is the greatest common factor of 2180 and 13539340?
20
What is the greatest common divisor of 16 and 52051?
1
Calculate the greatest common divisor of 1744